NOAA-Style Climate Reports
Select a Year or Month report
2024: jan feb maa apr mei jun jul aug sep okt nov dec
2023: jan feb maa apr mei jun jul aug sep okt nov dec
2022: jan feb maa apr mei jun jul aug sep okt nov dec
2021: jan feb maa apr mei jun jul aug sep okt nov dec
2020: jan feb maa apr mei jun jul aug sep okt nov dec
2019: jan feb maa apr mei jun jul aug sep okt nov dec
2018: jan feb maa apr mei jun jul aug sep okt nov dec
2017: jan feb maa apr mei jun jul aug sep okt nov dec
2016: jan feb maa apr mei jun jul aug sep okt nov dec
2015: jan feb maa apr mei jun jul aug sep okt nov dec
2014: jan feb maa apr mei jun jul aug sep okt nov dec
2013: jan feb maa apr mei jun jul aug sep okt nov dec
2012: jan feb maa apr mei jun jul aug sep okt nov dec
2011: jan feb maa apr mei jun jul aug sep okt nov dec
2010: jan feb maa apr mei jun jul aug sep okt nov dec
2024: jan feb maa apr mei jun jul aug sep okt nov dec
2023: jan feb maa apr mei jun jul aug sep okt nov dec
2022: jan feb maa apr mei jun jul aug sep okt nov dec
2021: jan feb maa apr mei jun jul aug sep okt nov dec
2020: jan feb maa apr mei jun jul aug sep okt nov dec
2019: jan feb maa apr mei jun jul aug sep okt nov dec
2018: jan feb maa apr mei jun jul aug sep okt nov dec
2017: jan feb maa apr mei jun jul aug sep okt nov dec
2016: jan feb maa apr mei jun jul aug sep okt nov dec
2015: jan feb maa apr mei jun jul aug sep okt nov dec
2014: jan feb maa apr mei jun jul aug sep okt nov dec
2013: jan feb maa apr mei jun jul aug sep okt nov dec
2012: jan feb maa apr mei jun jul aug sep okt nov dec
2011: jan feb maa apr mei jun jul aug sep okt nov dec
2010: jan feb maa apr mei jun jul aug sep okt nov dec
Rapport voor 2012 augustus
Daily noaa report MONTHLY CLIMATOLOGICAL SUMMARY for AUG. 2012 NAME: Ekeren CITY: Antwerp STATE: ELEV: 40 LAT: 051:16:50 LONG: -004:25:14 TEMPERATURE ( °C), RAIN (mm), WIND SPEED (kmh) HEAT COOL AVG MEAN DEG DEG WIND DOM DAY TEMP HIGH TIME LOW TIME DAYS DAYS RAIN SPEED HIGH TIME DIR ---------------------------------------------------------------------------------------------------------------------------------------------------------- 04 19.8 24.3 15:44 15.1 00:00 00.0 01.5 04.0 07.3 37.0 16:07 SSW 05 19.3 24.9 17:21 14.7 02:39 00.0 01.0 02.0 04.8 33.3 20:13 SSW 06 17.7 21.0 15:25 15.4 07:02 00.6 00.0 00.6 10.2 40.7 12:36 SSW 07 17.2 20.6 15:03 14.1 06:08 01.1 00.0 00.0 07.9 35.2 13:09 SW 08 16.8 20.9 17:31 12.1 05:07 01.5 00.0 00.6 03.5 18.5 17:39 SW 09 18.1 23.6 17:24 12.6 06:17 00.2 00.0 00.2 02.3 18.5 17:35 NNW 10 17.4 23.7 16:48 10.8 06:50 00.9 00.0 00.0 01.5 16.7 16:31 NE 11 17.9 24.1 17:31 11.6 06:42 00.4 00.0 00.0 01.6 20.4 17:02 E 12 20.1 27.7 17:37 13.6 06:23 00.0 01.8 00.0 01.9 18.5 16:56 ESE 13 21.3 26.9 17:20 17.3 03:08 00.0 03.0 00.0 02.4 18.5 13:38 S 14 23.0 26.3 13:10 19.6 07:29 00.0 04.7 00.0 02.4 18.5 03:53 WSW 15 23.9 32.5 16:15 17.7 05:45 00.0 05.6 00.0 03.5 35.2 19:10 SSE 16 20.7 24.7 16:45 16.4 07:15 00.0 02.4 00.0 05.0 27.8 13:10 SSW 17 23.5 30.3 18:00 16.5 05:40 00.0 05.2 00.0 03.6 27.8 17:45 SSW 18 26.5 36.2 17:30 17.8 05:50 00.0 08.2 00.0 02.6 24.1 13:30 S 19 26.7 34.3 16:45 20.2 06:55 00.0 08.4 00.0 03.0 29.6 18:25 SW 20 23.1 27.3 13:12 19.6 07:35 00.0 04.8 00.0 02.7 35.2 12:00 WNW 21 21.6 26.8 16:17 17.5 05:39 00.0 03.3 00.0 01.9 18.5 18:58 NW 22 20.4 20.4 00:00 20.4 00:00 00.0 02.1 00.0 00.0 03.7 00:00 NNW 23 20.6 24.3 17:10 16.6 10:08 00.0 02.3 00.0 02.3 20.4 14:53 WSW 24 19.1 25.2 15:27 14.7 06:46 00.0 00.8 01.4 03.9 25.9 20:14 SSW 25 18.8 22.2 16:09 16.3 03:35 00.0 00.5 00.8 11.6 55.5 17:00 SSW 26 16.3 19.7 15:33 13.7 00:00 02.0 00.0 26.0 08.1 37.0 07:30 WSW 28 16.7 24.0 17:01 13.2 01:31 01.6 00.0 00.0 01.0 22.2 15:08 NW 29 18.7 24.9 17:18 12.7 07:12 00.0 00.4 00.2 04.8 35.2 14:08 SW 30 17.0 21.5 15:24 14.5 07:17 01.3 00.0 07.4 07.4 42.6 17:37 SSW 31 14.8 18.2 15:05 11.6 23:44 03.5 00.0 05.0 08.2 38.9 05:37 NNW ---------------------------------------------------------------------------------------------------------------------------------------------------------- 20.6 (20.2) 36.2 day 18 10.8 day 10 013.0 086.5 048.2 04.1 55.5 day 25 SSW Max > 30: 8 Min < 30: 32 Max Rain: 26.0 ON 26-08-13 Days of Rain: 14 (> .2mm) 8 (> 2mm) 1 (> 20mm)