NOAA-Style Climate Reports
Select a Year or Month report
2024: jan feb maa apr mei jun jul aug sep okt nov dec
2023: jan feb maa apr mei jun jul aug sep okt nov dec
2022: jan feb maa apr mei jun jul aug sep okt nov dec
2021: jan feb maa apr mei jun jul aug sep okt nov dec
2020: jan feb maa apr mei jun jul aug sep okt nov dec
2019: jan feb maa apr mei jun jul aug sep okt nov dec
2018: jan feb maa apr mei jun jul aug sep okt nov dec
2017: jan feb maa apr mei jun jul aug sep okt nov dec
2016: jan feb maa apr mei jun jul aug sep okt nov dec
2015: jan feb maa apr mei jun jul aug sep okt nov dec
2014: jan feb maa apr mei jun jul aug sep okt nov dec
2013: jan feb maa apr mei jun jul aug sep okt nov dec
2012: jan feb maa apr mei jun jul aug sep okt nov dec
2011: jan feb maa apr mei jun jul aug sep okt nov dec
2010: jan feb maa apr mei jun jul aug sep okt nov dec
2024: jan feb maa apr mei jun jul aug sep okt nov dec
2023: jan feb maa apr mei jun jul aug sep okt nov dec
2022: jan feb maa apr mei jun jul aug sep okt nov dec
2021: jan feb maa apr mei jun jul aug sep okt nov dec
2020: jan feb maa apr mei jun jul aug sep okt nov dec
2019: jan feb maa apr mei jun jul aug sep okt nov dec
2018: jan feb maa apr mei jun jul aug sep okt nov dec
2017: jan feb maa apr mei jun jul aug sep okt nov dec
2016: jan feb maa apr mei jun jul aug sep okt nov dec
2015: jan feb maa apr mei jun jul aug sep okt nov dec
2014: jan feb maa apr mei jun jul aug sep okt nov dec
2013: jan feb maa apr mei jun jul aug sep okt nov dec
2012: jan feb maa apr mei jun jul aug sep okt nov dec
2011: jan feb maa apr mei jun jul aug sep okt nov dec
2010: jan feb maa apr mei jun jul aug sep okt nov dec
Rapport voor 2011 september
Daily noaa report MONTHLY CLIMATOLOGICAL SUMMARY for SEP. 2011 NAME: Ekeren CITY: Antwerp STATE: ELEV: 40 LAT: 051:16:50 LONG: -004:25:14 TEMPERATURE ( °C), RAIN (mm), WIND SPEED (kmh) HEAT COOL AVG MEAN DEG DEG WIND DOM DAY TEMP HIGH TIME LOW TIME DAYS DAYS RAIN SPEED HIGH TIME DIR ---------------------------------------------------------------------------------------------------------------------------------------------------------- 01 15.3 21.7 16:44 09.8 07:52 03.0 00.0 00.0 00.8 14.8 12:41 ENE 02 18.5 26.9 15:55 11.0 07:10 00.0 00.2 00.0 01.7 22.2 15:48 S 03 22.1 29.8 18:00 15.1 04:59 00.0 03.8 00.0 01.3 22.2 14:18 SSW 04 19.5 23.1 00:09 15.1 00:00 00.0 01.2 09.8 03.5 35.1 00:56 SSW 05 16.0 19.5 15:25 13.3 03:17 02.3 00.0 00.2 10.3 40.7 14:39 SSW 06 15.9 17.7 12:05 14.3 07:38 02.4 00.0 12.0 15.3 53.6 21:11 SSW 07 15.7 18.9 16:15 13.4 07:19 02.6 00.0 03.6 09.3 40.7 00:21 SW 08 14.9 16.2 14:49 13.6 06:26 03.4 00.0 04.8 07.7 35.1 04:37 SSW 09 18.1 20.7 19:05 15.6 01:05 00.2 00.0 00.0 03.1 20.4 15:41 SSW 10 21.3 27.3 17:18 16.1 02:17 00.0 03.0 00.0 02.2 24.1 21:19 S 11 18.1 20.3 01:01 15.3 23:34 00.2 00.0 04.8 07.2 29.6 13:29 SSW 12 17.6 22.8 17:22 14.7 04:17 00.7 00.0 00.2 13.5 46.3 10:47 SSW 13 16.7 20.1 16:34 14.2 07:39 01.6 00.0 00.0 08.8 40.7 00:26 SW 14 15.4 19.5 15:52 11.7 08:23 02.9 00.0 00.0 05.8 31.4 16:21 SW 15 15.5 19.0 00:00 12.0 00:00 02.5 00.0 00.00 07.2 13.0 00:00 S 16 15.7 21.2 16:13 09.3 07:39 02.6 00.0 00.0 01.8 24.1 22:12 S 17 15.5 17.6 14:04 13.0 00:00 02.8 00.0 07.0 08.9 35.1 17:28 SSW 18 13.1 17.2 15:18 10.3 23:46 05.2 00.0 01.8 06.1 31.4 13:27 SSW 19 13.7 19.4 15:49 08.2 03:05 04.6 00.0 00.6 03.0 24.1 11:19 WSW 20 16.2 19.4 14:56 13.3 01:34 02.1 00.0 00.0 08.6 31.4 12:26 SSW 21 16.7 19.4 15:20 14.8 04:34 01.6 00.0 00.0 08.3 33.3 13:39 SSW 22 15.3 18.5 15:42 12.6 21:32 03.0 00.0 00.0 04.7 27.8 00:32 SW 23 14.3 18.9 17:15 11.1 00:00 04.0 00.0 00.0 03.3 18.5 16:08 SSW 24 14.3 21.6 15:24 08.2 07:51 04.0 00.0 00.0 01.0 14.8 15:59 SSW 25 16.6 23.8 16:19 09.8 06:48 01.7 00.0 00.2 02.3 20.4 16:41 SSW 26 18.5 24.8 15:29 13.9 06:33 00.0 00.2 00.0 03.0 25.9 14:41 SSW 27 17.2 21.9 16:57 14.3 00:00 01.1 00.0 00.0 00.6 12.9 13:04 N 28 18.3 26.2 15:40 12.1 06:28 00.0 00.0 00.2 00.8 14.8 15:13 E 29 19.3 27.4 15:40 13.5 07:44 00.0 01.0 00.2 00.9 16.6 15:14 SE 30 18.3 25.9 16:07 12.2 07:40 00.0 00.0 00.0 01.1 16.6 17:27 SSE ---------------------------------------------------------------------------------------------------------------------------------------------------------- 16.8 (17.2) 29.8 day 03 08.2 day 19 052.0 009.4 045.4 05.0 53.7 day 06 SSW Min < 30: 29 Max Rain: 12.0 ON 6-09-11 Days of Rain: 13 (> .2mm) 6 (> 2mm) 0 (> 20mm)