NOAA-Style Climate Reports
Select a Year or Month report
2024: jan feb maa apr mei jun jul aug sep okt nov dec
2023: jan feb maa apr mei jun jul aug sep okt nov dec
2022: jan feb maa apr mei jun jul aug sep okt nov dec
2021: jan feb maa apr mei jun jul aug sep okt nov dec
2020: jan feb maa apr mei jun jul aug sep okt nov dec
2019: jan feb maa apr mei jun jul aug sep okt nov dec
2018: jan feb maa apr mei jun jul aug sep okt nov dec
2017: jan feb maa apr mei jun jul aug sep okt nov dec
2016: jan feb maa apr mei jun jul aug sep okt nov dec
2015: jan feb maa apr mei jun jul aug sep okt nov dec
2014: jan feb maa apr mei jun jul aug sep okt nov dec
2013: jan feb maa apr mei jun jul aug sep okt nov dec
2012: jan feb maa apr mei jun jul aug sep okt nov dec
2011: jan feb maa apr mei jun jul aug sep okt nov dec
2010: jan feb maa apr mei jun jul aug sep okt nov dec
2024: jan feb maa apr mei jun jul aug sep okt nov dec
2023: jan feb maa apr mei jun jul aug sep okt nov dec
2022: jan feb maa apr mei jun jul aug sep okt nov dec
2021: jan feb maa apr mei jun jul aug sep okt nov dec
2020: jan feb maa apr mei jun jul aug sep okt nov dec
2019: jan feb maa apr mei jun jul aug sep okt nov dec
2018: jan feb maa apr mei jun jul aug sep okt nov dec
2017: jan feb maa apr mei jun jul aug sep okt nov dec
2016: jan feb maa apr mei jun jul aug sep okt nov dec
2015: jan feb maa apr mei jun jul aug sep okt nov dec
2014: jan feb maa apr mei jun jul aug sep okt nov dec
2013: jan feb maa apr mei jun jul aug sep okt nov dec
2012: jan feb maa apr mei jun jul aug sep okt nov dec
2011: jan feb maa apr mei jun jul aug sep okt nov dec
2010: jan feb maa apr mei jun jul aug sep okt nov dec
Rapport voor 2011 juni
Daily noaa report MONTHLY CLIMATOLOGICAL SUMMARY for JUN. 2011 NAME: Ekeren CITY: Antwerp STATE: ELEV: 40 LAT: 051:16:50 LONG: -004:25:14 TEMPERATURE ( °C), RAIN (mm), WIND SPEED (kmh) HEAT COOL AVG MEAN DEG DEG WIND DOM DAY TEMP HIGH TIME LOW TIME DAYS DAYS RAIN SPEED HIGH TIME DIR ---------------------------------------------------------------------------------------------------------------------------------------------------------- 01 14.2 20.3 16:02 07.0 06:01 04.1 00.0 00.0 03.9 27.8 17:14 N 02 17.3 24.9 17:47 08.8 06:02 01.0 00.0 00.0 04.0 24.1 17:12 NE 03 20.8 27.7 17:38 13.4 05:57 00.0 02.5 00.0 04.6 33.3 16:27 NE 04 23.6 31.5 16:59 16.3 06:07 00.0 05.3 00.0 04.7 24.1 18:23 NE 05 19.3 24.2 19:05 14.3 08:06 00.0 01.0 02.6 03.8 20.4 03:43 NNE 06 17.6 24.4 14:37 12.9 23:57 00.7 00.0 12.4 03.5 27.8 16:31 WSW 07 15.4 21.0 17:38 12.0 23:56 02.9 00.0 05.8 03.2 20.4 21:38 SW 08 14.8 19.1 16:01 11.8 02:29 03.5 00.0 02.4 05.5 25.9 17:12 SW 09 15.4 19.9 15:25 10.8 06:19 02.9 00.0 00.0 06.6 33.3 16:12 SSW 10 14.2 20.8 14:19 10.6 00:00 04.1 00.0 07.6 02.5 38.9 16:31 SSW 11 12.7 17.7 15:00 08.5 03:23 05.6 00.0 02.8 04.6 24.1 15:15 SW 12 14.9 18.8 15:18 08.1 05:56 03.4 00.0 00.0 04.5 24.1 12:16 SSW 13 17.6 20.9 17:33 14.8 06:21 00.7 00.0 00.0 10.0 31.4 10:29 SSW 14 18.2 22.3 13:54 14.8 04:41 00.1 00.0 00.0 03.5 22.2 00:39 NW 15 18.7 24.3 14:04 13.3 02:56 00.0 00.4 00.0 03.8 27.8 16:16 SW 16 16.7 19.4 14:31 13.8 00:00 01.6 00.0 15.8 05.6 35.1 19:04 SW 17 14.5 18.9 15:37 11.6 05:45 03.8 00.0 01.6 06.8 33.3 16:05 SSW 18 15.2 17.9 18:26 13.2 14:28 03.1 00.0 04.0 12.1 48.1 06:59 SSW 19 15.0 19.3 16:40 12.4 06:08 03.3 00.0 02.6 09.3 38.9 12:26 SW 20 14.1 16.9 17:42 11.0 06:05 04.2 00.0 02.6 03.5 20.4 09:13 SSW 21 18.5 21.9 18:00 15.2 00:46 00.0 00.2 02.2 07.9 38.9 11:56 SW 22 17.2 19.6 16:59 15.9 12:54 01.1 00.0 00.0 06.6 42.5 17:05 SW 23 15.6 19.4 13:52 13.5 15:26 02.7 00.0 04.0 08.8 37.0 15:13 SW 24 15.5 19.3 17:03 12.5 08:20 02.8 00.0 02.8 05.1 27.8 17:13 WSW 25 14.7 18.1 20:42 11.3 07:42 03.6 00.0 05.0 07.2 31.4 10:19 SSW 26 19.2 25.2 19:14 15.8 07:30 00.0 00.9 00.0 02.9 20.4 00:15 S 27 25.2 33.2 18:15 16.6 04:44 00.0 06.9 00.0 02.2 20.4 14:51 SE 28 25.7 34.3 17:16 19.2 00:00 00.0 07.4 14.2 02.6 55.5 19:54 SSE 29 17.6 20.3 15:59 14.2 00:00 00.7 00.0 04.2 05.6 25.9 16:32 NNW 30 16.0 20.5 13:12 11.6 05:25 02.3 00.0 00.2 03.5 25.9 15:18 NNW ---------------------------------------------------------------------------------------------------------------------------------------------------------- 17.2 (17.5) 34.3 day 28 07.0 day 01 058.2 024.5 093.6 05.3 55.5 day 28 SW Max > 30: 3 Min < 30: 30 Max Rain: 15.8 ON 16-06-11 Days of Rain: 24 (> .2mm) 16 (> 2mm) 0 (> 20mm)