NOAA-Style Climate Reports
Select a Year or Month report
2024: jan feb maa apr mei jun jul aug sep okt nov dec
2023: jan feb maa apr mei jun jul aug sep okt nov dec
2022: jan feb maa apr mei jun jul aug sep okt nov dec
2021: jan feb maa apr mei jun jul aug sep okt nov dec
2020: jan feb maa apr mei jun jul aug sep okt nov dec
2019: jan feb maa apr mei jun jul aug sep okt nov dec
2018: jan feb maa apr mei jun jul aug sep okt nov dec
2017: jan feb maa apr mei jun jul aug sep okt nov dec
2016: jan feb maa apr mei jun jul aug sep okt nov dec
2015: jan feb maa apr mei jun jul aug sep okt nov dec
2014: jan feb maa apr mei jun jul aug sep okt nov dec
2013: jan feb maa apr mei jun jul aug sep okt nov dec
2012: jan feb maa apr mei jun jul aug sep okt nov dec
2011: jan feb maa apr mei jun jul aug sep okt nov dec
2010: jan feb maa apr mei jun jul aug sep okt nov dec
2024: jan feb maa apr mei jun jul aug sep okt nov dec
2023: jan feb maa apr mei jun jul aug sep okt nov dec
2022: jan feb maa apr mei jun jul aug sep okt nov dec
2021: jan feb maa apr mei jun jul aug sep okt nov dec
2020: jan feb maa apr mei jun jul aug sep okt nov dec
2019: jan feb maa apr mei jun jul aug sep okt nov dec
2018: jan feb maa apr mei jun jul aug sep okt nov dec
2017: jan feb maa apr mei jun jul aug sep okt nov dec
2016: jan feb maa apr mei jun jul aug sep okt nov dec
2015: jan feb maa apr mei jun jul aug sep okt nov dec
2014: jan feb maa apr mei jun jul aug sep okt nov dec
2013: jan feb maa apr mei jun jul aug sep okt nov dec
2012: jan feb maa apr mei jun jul aug sep okt nov dec
2011: jan feb maa apr mei jun jul aug sep okt nov dec
2010: jan feb maa apr mei jun jul aug sep okt nov dec
Rapport voor 2011 february
Daily noaa report MONTHLY CLIMATOLOGICAL SUMMARY for FEB. 2011 NAME: Ekeren CITY: Antwerp STATE: ELEV: 40 LAT: 051:16:50 LONG: -004:25:14 TEMPERATURE ( °C), RAIN (mm), WIND SPEED (kmh) HEAT COOL AVG MEAN DEG DEG WIND DOM DAY TEMP HIGH TIME LOW TIME DAYS DAYS RAIN SPEED HIGH TIME DIR ---------------------------------------------------------------------------------------------------------------------------------------------------------- 07 17.1 22.8 15:29 08.3 11:07 01.2 00.0 02.0 06.4 40.7 18:34 W 08 06.7 10.4 14:29 01.3 23:55 11.6 00.0 00.0 02.1 18.5 01:22 W 09 04.6 10.6 15:22 -00.4 04:13 13.7 00.0 00.0 03.0 20.4 10:23 SSW 10 07.9 11.3 00:00 05.3 02:18 10.4 00.0 06.4 10.0 31.4 20:47 SSE 11 10.5 11.6 00:32 09.2 00:00 07.8 00.0 06.4 05.0 33.3 04:49 S 12 09.7 12.6 12:30 06.9 00:00 08.6 00.0 04.8 04.8 24.1 13:04 SE 13 06.4 09.0 13:53 03.3 08:33 11.9 00.0 00.0 05.7 25.9 13:58 SSE 14 07.2 09.2 14:41 05.1 00:00 11.1 00.0 01.8 03.6 18.5 02:39 ENE 15 05.8 08.9 15:38 02.8 08:02 12.5 00.0 01.8 04.8 24.1 15:38 ENE 16 07.0 10.5 15:33 03.9 00:00 11.3 00.0 00.0 04.8 22.2 02:49 SSE 17 05.1 10.8 15:37 01.2 08:06 13.2 00.0 00.0 03.1 20.4 23:52 NNW 18 02.0 02.7 17:02 01.2 01:35 16.3 00.0 00.0 03.2 14.8 11:49 NNW 19 04.2 06.4 15:08 02.4 03:34 14.1 00.0 01.4 04.5 25.9 12:51 ESE 20 03.0 04.3 16:12 01.3 00:00 15.3 00.0 00.6 04.3 18.5 22:37 E 21 01.0 03.2 15:52 -01.5 00:00 17.3 00.0 00.2 04.1 20.4 16:46 ESE 22 -00.0 05.1 15:32 -04.5 08:08 18.3 00.0 00.0 02.8 16.6 13:21 ESE 23 01.3 04.4 13:56 -01.4 02:25 17.0 00.0 04.6 06.1 27.8 22:07 SSE 24 06.8 10.5 15:33 02.3 00:03 11.5 00.0 03.6 04.1 20.4 04:11 SSW 25 08.7 09.7 14:25 07.1 06:54 09.6 00.0 00.2 06.2 20.4 23:58 SSW 26 08.2 09.8 10:55 06.6 00:00 10.1 00.0 06.6 08.8 35.1 16:52 SSW 27 06.4 07.5 11:41 05.8 00:00 11.9 00.0 01.0 09.2 38.9 08:43 NW 28 03.5 05.8 00:01 02.5 09:30 14.8 00.0 01.2 04.1 22.2 00:40 NNE ---------------------------------------------------------------------------------------------------------------------------------------------------------- 06.7 (6.0) 22.8 day 28 -04.5 day 22 269.7 002.0 042.6 05.0 40.7 day 10 SSE Min < 30: 23 Max Rain: 6.6 ON 26-02-11 Days of Rain: 70 (> .2mm) 6 (> 2mm) 0 (> 20mm)