NOAA-Style Climate Reports
Select a Year or Month report
2024: jan feb maa apr mei jun jul aug sep okt nov dec
2023: jan feb maa apr mei jun jul aug sep okt nov dec
2022: jan feb maa apr mei jun jul aug sep okt nov dec
2021: jan feb maa apr mei jun jul aug sep okt nov dec
2020: jan feb maa apr mei jun jul aug sep okt nov dec
2019: jan feb maa apr mei jun jul aug sep okt nov dec
2018: jan feb maa apr mei jun jul aug sep okt nov dec
2017: jan feb maa apr mei jun jul aug sep okt nov dec
2016: jan feb maa apr mei jun jul aug sep okt nov dec
2015: jan feb maa apr mei jun jul aug sep okt nov dec
2014: jan feb maa apr mei jun jul aug sep okt nov dec
2013: jan feb maa apr mei jun jul aug sep okt nov dec
2012: jan feb maa apr mei jun jul aug sep okt nov dec
2011: jan feb maa apr mei jun jul aug sep okt nov dec
2010: jan feb maa apr mei jun jul aug sep okt nov dec
2024: jan feb maa apr mei jun jul aug sep okt nov dec
2023: jan feb maa apr mei jun jul aug sep okt nov dec
2022: jan feb maa apr mei jun jul aug sep okt nov dec
2021: jan feb maa apr mei jun jul aug sep okt nov dec
2020: jan feb maa apr mei jun jul aug sep okt nov dec
2019: jan feb maa apr mei jun jul aug sep okt nov dec
2018: jan feb maa apr mei jun jul aug sep okt nov dec
2017: jan feb maa apr mei jun jul aug sep okt nov dec
2016: jan feb maa apr mei jun jul aug sep okt nov dec
2015: jan feb maa apr mei jun jul aug sep okt nov dec
2014: jan feb maa apr mei jun jul aug sep okt nov dec
2013: jan feb maa apr mei jun jul aug sep okt nov dec
2012: jan feb maa apr mei jun jul aug sep okt nov dec
2011: jan feb maa apr mei jun jul aug sep okt nov dec
2010: jan feb maa apr mei jun jul aug sep okt nov dec
Rapport voor 2010 juli
MONTHLY CLIMATOLOGICAL SUMMARY for JUL. 2010 NAME: Weather in Ekeren CITY: Antwerp, Ekeren STATE: Belgium ELEV: 14 LAT: 051:28:11 LONG: -004:42:00 TEMPERATURE (F), RAIN (in.), WIND SPEED (mph) HEAT COOL AVG MEAN DEG DEG WIND DOM DAY TEMP HIGH TIME LOW TIME DAYS DAYS RAIN SPEED HIGH TIME DIR ---------------------------------------------------------------------------------------------------------------------------------------------------------- 1 26.5 30.0 00:00 23.0 00:00 38.5 0.0 0.00 10.3 19.6 00:00 S 2 28.5 34.0 00:00 23.0 00:00 36.5 0.0 0.60 18.4 35.7 00:00 SSW 3 22.5 26.0 00:00 19.0 00:00 42.5 0.0 4.20 6.3 11.5 00:00 WNW 4 22.5 26.0 00:00 19.0 00:00 42.5 0.0 0.00 7.4 13.8 00:00 WSW 5 19.5 22.0 00:00 17.0 00:00 45.5 0.0 0.00 7.4 13.8 00:00 W 6 18.0 22.0 00:00 14.0 00:00 47.0 0.0 0.00 7.2 13.4 00:00 WNW 7 24.0 27.0 00:00 21.0 00:00 41.0 0.0 0.00 10.3 19.6 00:00 S 8 27.0 31.0 00:00 23.0 00:00 38.0 0.0 0.00 5.1 9.2 00:00 S 9 27.5 33.0 00:00 22.0 00:00 37.5 0.0 21.00 7.2 13.4 00:00 S 10 27.0 33.0 00:00 22.0 00:00 38.0 0.0 1.10 16.6 32.2 00:00 S 11 25.5 30.0 00:00 21.0 00:00 39.5 0.0 4.10 8.6 16.1 00:00 SW 12 22.5 26.0 00:00 19.0 00:00 42.5 0.0 0.00 18.4 35.7 00:00 S 13 24.0 27.0 00:00 21.0 00:00 41.0 0.0 9.90 6.9 12.7 00:00 SSW 14 23.5 28.0 00:00 19.0 00:00 41.5 0.0 0.00 21.2 41.4 00:00 SSW 15 21.5 24.0 00:00 19.0 00:00 43.5 0.0 1.80 17.8 34.5 00:00 SSW 16 21.0 24.0 00:00 18.0 00:00 44.0 0.0 0.00 16.1 31.1 00:00 SSW 18 21.5 24.0 00:00 19.0 00:00 43.5 0.0 0.00 8.6 16.1 00:00 SW 17 19.0 22.0 00:00 16.0 00:00 46.0 0.0 0.00 8.6 16.1 00:00 WSW 19 24.5 28.0 00:00 21.0 00:00 40.5 0.0 0.00 4 6.9 00:00 SE 20 26.5 31.0 00:00 22.0 00:00 38.5 0.0 0.00 6.3 11.5 00:00 SE 21 22.0 24.0 00:00 20.0 00:00 43.0 0.0 1.30 6.3 11.5 00:00 SSW 22 20.5 24.0 00:00 17.0 00:00 44.5 0.0 0.20 9.2 17.3 00:00 SW 23 19.5 22.0 00:00 17.0 00:00 45.5 0.0 0.00 8.6 16.1 00:00 SW 24 20.5 22.0 00:00 19.0 00:00 44.5 0.0 4.10 8 15.0 00:00 NW 25 20.0 22.0 00:00 18.0 00:00 45.0 0.0 0.60 6.9 12.7 00:00 WSW 26 18.5 21.0 00:00 16.0 00:00 46.5 0.0 5.90 10.3 19.6 00:00 NW 27 21.0 22.0 00:00 20.0 00:00 44.0 0.0 5.40 5.1 9.2 00:00 SW 28 20.0 24.0 00:00 16.0 00:00 45.0 0.0 0.20 9.7 18.4 00:00 WNW 29 18.5 20.0 00:00 17.0 00:00 46.5 0.0 0.00 10.9 20.7 00:00 WNW 30 21.5 25.0 00:00 18.0 00:00 43.5 0.0 2.40 6.3 11.5 00:00 SW 31 23.0 25.0 00:00 21.0 00:00 42.0 0.0 0.00 6.9 12.7 00:00 SW ---------------------------------------------------------------------------------------------------------------------------------------------------------- 19.2 (19.4) 24.3 day 31 13.2 day 29 001.2 005.9 057.8 57.5 35.2 day 31 W Min < 30: 5