NOAA-Style Climate Reports
Select a Year or Month report
2024: jan feb maa apr mei jun jul aug sep okt nov dec
2023: jan feb maa apr mei jun jul aug sep okt nov dec
2022: jan feb maa apr mei jun jul aug sep okt nov dec
2021: jan feb maa apr mei jun jul aug sep okt nov dec
2020: jan feb maa apr mei jun jul aug sep okt nov dec
2019: jan feb maa apr mei jun jul aug sep okt nov dec
2018: jan feb maa apr mei jun jul aug sep okt nov dec
2017: jan feb maa apr mei jun jul aug sep okt nov dec
2016: jan feb maa apr mei jun jul aug sep okt nov dec
2015: jan feb maa apr mei jun jul aug sep okt nov dec
2014: jan feb maa apr mei jun jul aug sep okt nov dec
2013: jan feb maa apr mei jun jul aug sep okt nov dec
2012: jan feb maa apr mei jun jul aug sep okt nov dec
2011: jan feb maa apr mei jun jul aug sep okt nov dec
2010: jan feb maa apr mei jun jul aug sep okt nov dec
2024: jan feb maa apr mei jun jul aug sep okt nov dec
2023: jan feb maa apr mei jun jul aug sep okt nov dec
2022: jan feb maa apr mei jun jul aug sep okt nov dec
2021: jan feb maa apr mei jun jul aug sep okt nov dec
2020: jan feb maa apr mei jun jul aug sep okt nov dec
2019: jan feb maa apr mei jun jul aug sep okt nov dec
2018: jan feb maa apr mei jun jul aug sep okt nov dec
2017: jan feb maa apr mei jun jul aug sep okt nov dec
2016: jan feb maa apr mei jun jul aug sep okt nov dec
2015: jan feb maa apr mei jun jul aug sep okt nov dec
2014: jan feb maa apr mei jun jul aug sep okt nov dec
2013: jan feb maa apr mei jun jul aug sep okt nov dec
2012: jan feb maa apr mei jun jul aug sep okt nov dec
2011: jan feb maa apr mei jun jul aug sep okt nov dec
2010: jan feb maa apr mei jun jul aug sep okt nov dec
Rapport voor 2010 mei
MONTHLY CLIMATOLOGICAL SUMMARY for MAY. 2010 NAME: Weather in Ekeren CITY: Antwerp, Ekeren STATE: Belgium ELEV: 14 LAT: 051:28:11 LONG: -004:42:00 TEMPERATURE (F), RAIN (in.), WIND SPEED (mph) HEAT COOL AVG MEAN DEG DEG WIND DOM DAY TEMP HIGH TIME LOW TIME DAYS DAYS RAIN SPEED HIGH TIME DIR ---------------------------------------------------------------------------------------------------------------------------------------------------------- 1 12.5 15.0 00:00 10.0 00:00 52.5 0.0 5.00 7.4 13.8 00:00 WSW 2 10.5 13.0 00:00 8.0 00:00 54.5 0.0 9.40 6.9 12.7 00:00 SSE 3 7.5 8.0 00:00 7.0 00:00 57.5 0.0 5.60 14.9 28.8 00:00 NW 4 9.0 12.0 00:00 6.0 00:00 56.0 0.0 0.00 13.8 26.5 00:00 NNE 5 10.5 13.0 00:00 8.0 00:00 54.5 0.0 0.00 7.4 13.8 00:00 NE 6 11.5 14.0 00:00 9.0 00:00 53.5 0.0 0.00 7.4 13.8 00:00 NNE 7 9.0 10.0 00:00 8.0 00:00 56.0 0.0 0.30 6.1 11.2 00:00 SE 8 11.0 12.0 00:00 10.0 00:00 54.0 0.0 0.00 4.1 8.1 00:00 SW 9 11.0 13.0 00:00 9.0 00:00 54.0 0.0 0.00 5.7 10.4 00:00 NE 10 9.5 12.0 00:00 7.0 00:00 55.5 0.0 0.00 5.7 10.4 00:00 NNE 11 7.5 10.0 00:00 5.0 00:00 57.5 0.0 10.80 7.4 13.8 00:00 NE 12 8.0 9.0 00:00 7.0 00:00 57.0 0.0 0.40 7.4 13.8 00:00 N 13 9.0 10.0 00:00 8.0 00:00 56.0 0.0 0.50 4.6 8.1 00:00 ESE 14 9.0 12.0 00:00 6.0 00:00 56.0 0.0 0.00 4 6.9 00:00 ESE 15 12.5 15.0 00:00 10.0 00:00 52.5 0.0 0.00 8 15.0 00:00 NW 16 14.5 17.0 00:00 12.0 00:00 50.5 0.0 1.00 7.4 13.8 00:00 W 17 12.0 15.0 00:00 9.0 00:00 53.0 0.0 0.00 10.3 19.6 00:00 WNW 18 12.5 16.0 00:00 9.0 00:00 52.5 0.0 0.00 8.6 16.1 00:00 WNW 19 14.0 17.0 00:00 11.0 00:00 51.0 0.0 0.00 9.5 17.9 00:00 NNW 20 18.0 21.0 00:00 15.0 00:00 47.0 0.0 0.00 8.6 16.1 00:00 W 21 17.5 21.0 00:00 14.0 00:00 47.5 0.0 0.00 6.9 12.7 00:00 ESE 22 18.0 22.0 00:00 14.0 00:00 47.0 0.0 0.00 7.4 13.8 00:00 SSW 23 22.0 26.0 00:00 18.0 00:00 43.0 0.0 0.00 5.7 10.4 00:00 ESE 24 20.5 25.0 00:00 16.0 00:00 44.5 0.0 0.00 8.4 15.7 00:00 W 25 17.0 21.0 00:00 13.0 00:00 48.0 0.0 0.00 12.6 24.2 00:00 NE 26 11.0 13.0 00:00 9.0 00:00 54.0 0.0 5.40 7.2 13.4 00:00 NE 27 14.0 16.0 00:00 12.0 00:00 51.0 0.0 0.00 4 6.9 00:00 SSW 28 13.5 17.0 00:00 10.0 00:00 51.5 0.0 0.00 9.5 17.9 00:00 WNW 29 17.5 21.0 00:00 14.0 00:00 47.5 0.0 3.00 8.6 16.1 00:00 S 30 14.0 16.0 00:00 12.0 00:00 51.0 0.0 2.60 19.5 38.0 00:00 W 31 12.5 14.0 00:00 11.0 00:00 52.5 0.0 0.20 9.7 18.4 00:00 NW