NOAA-Style Climate Reports
Select a Year or Month report
2024: jan feb maa apr mei jun jul aug sep okt nov dec
2023: jan feb maa apr mei jun jul aug sep okt nov dec
2022: jan feb maa apr mei jun jul aug sep okt nov dec
2021: jan feb maa apr mei jun jul aug sep okt nov dec
2020: jan feb maa apr mei jun jul aug sep okt nov dec
2019: jan feb maa apr mei jun jul aug sep okt nov dec
2018: jan feb maa apr mei jun jul aug sep okt nov dec
2017: jan feb maa apr mei jun jul aug sep okt nov dec
2016: jan feb maa apr mei jun jul aug sep okt nov dec
2015: jan feb maa apr mei jun jul aug sep okt nov dec
2014: jan feb maa apr mei jun jul aug sep okt nov dec
2013: jan feb maa apr mei jun jul aug sep okt nov dec
2012: jan feb maa apr mei jun jul aug sep okt nov dec
2011: jan feb maa apr mei jun jul aug sep okt nov dec
2010: jan feb maa apr mei jun jul aug sep okt nov dec
2024: jan feb maa apr mei jun jul aug sep okt nov dec
2023: jan feb maa apr mei jun jul aug sep okt nov dec
2022: jan feb maa apr mei jun jul aug sep okt nov dec
2021: jan feb maa apr mei jun jul aug sep okt nov dec
2020: jan feb maa apr mei jun jul aug sep okt nov dec
2019: jan feb maa apr mei jun jul aug sep okt nov dec
2018: jan feb maa apr mei jun jul aug sep okt nov dec
2017: jan feb maa apr mei jun jul aug sep okt nov dec
2016: jan feb maa apr mei jun jul aug sep okt nov dec
2015: jan feb maa apr mei jun jul aug sep okt nov dec
2014: jan feb maa apr mei jun jul aug sep okt nov dec
2013: jan feb maa apr mei jun jul aug sep okt nov dec
2012: jan feb maa apr mei jun jul aug sep okt nov dec
2011: jan feb maa apr mei jun jul aug sep okt nov dec
2010: jan feb maa apr mei jun jul aug sep okt nov dec
Rapport voor 2010 maart
Daily noaa report MONTHLY CLIMATOLOGICAL SUMMARY for MAR. 2010 NAME: Ekeren CITY: Antwerp STATE: ELEV: 40 LAT: 051:16:50 LONG: -004:25:14 TEMPERATURE ( °C), RAIN (mm), WIND SPEED (kmh) HEAT COOL AVG MEAN DEG DEG WIND DOM DAY TEMP HIGH TIME LOW TIME DAYS DAYS RAIN SPEED HIGH TIME DIR ---------------------------------------------------------------------------------------------------------------------------------------------------------- 14 07.1 08.2 16:01 06.4 00:00 11.2 00.0 00.8 02.6 05.6 21:31 SW 15 08.0 12.5 13:54 04.0 07:31 10.3 00.0 00.8 04.8 29.6 15:56 W 16 08.1 11.7 15:08 06.2 07:24 10.2 00.0 00.8 02.9 18.5 10:38 SSW 17 10.2 16.4 14:06 04.4 05:00 08.1 00.0 00.0 07.6 42.6 15:38 SW 18 12.2 19.9 14:14 02.9 07:06 06.1 00.0 00.0 06.5 38.9 12:38 SSW 19 15.6 17.9 14:34 13.6 00:00 02.7 00.0 00.8 09.6 42.6 14:20 SSW 20 14.7 18.1 14:58 12.9 02:50 03.6 00.0 15.3 12.6 46.3 13:20 SW 21 09.7 13.3 00:14 07.8 23:54 08.6 00.0 07.3 04.7 33.3 08:50 W 22 10.5 14.5 15:54 06.4 07:14 07.8 00.0 00.0 06.2 27.8 18:44 SSW 23 11.8 16.5 14:10 08.4 00:24 06.5 00.0 00.0 03.8 22.2 13:48 SSE 24 13.5 20.5 16:20 06.8 05:48 04.8 00.0 00.0 06.1 27.8 16:14 SE 25 15.3 22.0 14:26 11.1 06:58 03.0 00.0 02.4 08.1 38.9 17:20 SSE 26 11.8 15.6 16:22 09.8 23:34 06.5 00.0 00.0 09.2 35.2 21:26 SSW 27 11.8 16.7 14:46 08.1 07:20 06.5 00.0 00.8 09.7 35.2 09:46 SW 28 10.7 13.7 12:08 07.8 07:58 07.6 00.0 04.1 10.5 38.9 16:36 SW 29 11.2 15.3 18:32 08.1 08:28 07.1 00.0 07.2 04.9 27.8 21:50 SE 30 10.8 13.3 18:34 06.1 23:58 07.5 00.0 04.9 09.2 51.8 19:52 S 31 07.2 11.1 14:24 04.4 23:52 11.1 00.0 01.6 18.4 72.2 18:28 SW ---------------------------------------------------------------------------------------------------------------------------------------------------------- 11.1 (11.5) 22.0 day 25 02.9 day 18 129.2 000.0 054.9 07.6 72.2 day 31 SSW Min < 30: 18 Max Rain: 15.3 ON 20-03-10 Days of Rain: 12 (> .2mm) 6 (> 2mm) 0 (> 20mm) 1 2.5 7.0 00:00 -2.0 00:00 62.5 0.0 0.00 8 15.0 00:00 W 1 2.5 7.0 00:00 -2.0 00:00 62.5 0.0 0.00 8 15.0 00:00 W 1 2.5 7.0 00:00 -2.0 00:00 62.5 0.0 0.00 8 15.0 00:00 W 1 2.5 7.0 00:00 -2.0 00:00 62.5 0.0 0.00 8 15.0 00:00 W 1 2.5 7.0 00:00 -2.0 00:00 62.5 0.0 0.00 8 15.0 00:00 W 1 2.5 7.0 00:00 -2.0 00:00 62.5 0.0 0.00 12.6 24.1 00:00 W 1 2.5 7.0 00:00 -2.0 00:00 62.5 0.0 0.00 12.6 24.1 00:00 W 2 5.0 8.0 00:00 2.0 00:00 60.0 0.0 0.00 12.6 24.1 00:00 WNW 3 4.0 6.0 00:00 2.0 00:00 61.0 0.0 0.00 12.6 24.1 00:00 ENE 4 3.5 6.0 00:00 1.0 00:00 61.5 0.0 0.00 13.5 25.9 00:00 NE 1 2.5 7.0 00:00 -2.0 00:00 62.5 0.0 0.00 12.6 24.1 00:00 W 1 2.5 7.0 00:00 -2.0 00:00 62.5 0.0 0.00 12.6 24.1 00:00 W 1 2.5 7.0 00:00 -2.0 00:00 62.5 0.0 0.00 12.6 24.1 00:00 W 1 2.5 7.0 00:00 -2.0 00:00 62.5 0.0 0.00 12.6 24.1 00:00 W